 remainder when 102 is divided by 18.
12
Calculate the remainder when 1769 is divided by 224.
201
Calculate the remainder when 222 is divided by 23.
15
What is the remainder when 5625 is divided by 268?
265
Calculate the remainder when 106 is divided by 44.
18
Calculate the remainder when 180 is divided by 3.
0
Calculate the remainder when 621 is divided by 29.
12
Calculate the remainder when 721 is divided by 121.
116
What is the remainder when 998 is divided by 8?
6
What is the remainder when 648 is divided by 41?
33
What is the remainder when 6184 is divided by 23?
20
What is the remainder when 19439 is divided by 10?
9
What is the remainder when 4541 is divided by 11?
9
What is the remainder when 56 is divided by 16?
8
Calculate the remainder when 70 is divided by 37.
33
What is the remainder when 642 is divided by 28?
26
Calculate the remainder when 912 is divided by 134.
108
Calculate the remainder when 226 is divided by 11.
6
Calculate the remainder when 4234 is divided by 529.
2
Calculate the remainder when 105 is divided by 57.
48
What is the remainder when 1071 is divided by 89?
3
Calculate the remainder when 242 is divided by 66.
44
What is the remainder when 221 is divided by 45?
41
Calculate the remainder when 2336 is divided by 78.
74
Calculate the remainder when 1159 is divided by 73.
64
Calculate the remainder when 2124 is divided by 48.
12
Calculate the remainder when 1190 is divided by 34.
0
Calculate the remainder when 7957 is divided by 23.
22
Calculate the remainder when 97 is divided by 52.
45
Calculate the remainder when 168 is divided by 69.
30
What is the remainder when 387 is divided by 23?
19
What is the remainder when 3224 is divided by 5?
4
Calculate the remainder when 92 is divided by 14.
8
Calculate the remainder when 179 is divided by 47.
38
What is the remainder when 1049 is divided by 17?
12
Calculate the remainder when 501 is divided by 16.
5
What is the remainder when 1867 is divided by 85?
82
What is the remainder when 13289 is divided by 30?
29
What is the remainder when 269 is divided by 126?
17
Calculate the remainder when 119 is divided by 3.
2
What is the remainder when 154 is divided by 83?
71
Calculate the remainder when 818 is divided by 42.
20
Calculate the remainder when 304 is divided by 159.
145
What is the remainder when 49 is divided by 25?
24
Calculate the remainder when 260 is divided by 34.
22
What is the remainder when 616 is divided by 147?
28
What is the remainder when 1254 is divided by 35?
29
Calculate the remainder when 92 is divided by 28.
8
What is the remainder when 425 is divided by 86?
81
Calculate the remainder when 39 is divided by 3.
0
What is the remainder when 6 is divided by 3?
0
Calculate the remainder when 117 is divided by 41.
35
What is the remainder when 190 is divided by 24?
22
Calculate the remainder when 607 is divided by 106.
77
Calculate the remainder when 364 is divided by 122.
120
What is the remainder when 932 is divided by 92?
12
What is the remainder when 6262 is divided by 13?
9
Calculate the remainder when 172 is divided by 44.
40
Calculate the remainder when 260 is divided by 87.
86
What is the remainder when 769 is divided by 247?
28
Calculate the remainder when 280 is divided by 76.
52
What is the remainder when 62 is divided by 22?
18
What is the remainder when 180 is divided by 139?
41
What is the remainder when 172 is divided by 28?
4
What is the remainder when 164 is divided by 49?
17
What is the remainder when 410 is divided by 84?
74
What is the remainder when 80 is divided by 41?
39
Calculate the remainder when 61 is divided by 7.
5
What is the remainder when 318 is divided by 19?
14
What is the remainder when 279 is divided by 74?
57
Calculate the remainder when 101 is divided by 34.
33
What is the remainder when 156 is divided by 53?
50
What is the remainder when 1501 is divided by 502?
497
Calculate the remainder when 872 is divided by 381.
110
Calculate the remainder when 958 is divided by 1.
0
What is the remainder when 66 is divided by 12?
6
Calculate the remainder when 167 is divided by 38.
15
What is the remainder when 199 is divided by 39?
4
Calculate the remainder when 352 is divided by 8.
0
What is the remainder when 262 is divided by 261?
1
Calculate the remainder when 972 is divided by 242.
4
Calculate the remainder when 42 is divided by 35.
7
What is the remainder when 22 is divided by 21?
1
Calculate the remainder when 1544 is divided by 97.
89
What is the remainder when 185 is divided by 94?
91
Calculate the remainder when 19667 is divided by 21.
11
Calculate the remainder when 132 is divided by 36.
24
What is the remainder when 1110 is divided by 159?
156
What is the remainder when 142 is divided by 52?
38
What is the remainder when 1013 is divided by 13?
12
Calculate the remainder when 2002 is divided by 210.
112
What is the remainder when 523 is divided by 508?
15
Calculate the remainder when 793 is divided by 55.
23
Calculate the remainder when 177 is divided by 71.
35
What is the remainder when 402 is divided by 27?
24
What is the remainder when 270 is divided by 246?
24
What is the remainder when 2072 is divided by 52?
44
What is the remainder when 2239 is divided by 1110?
19
What is the remainder when 363 is divided by 67?
28
Calculate the remainder when 449 is divided by 109.
13
Calculate the remainder when 3189 is divided by 397.
13
What is the remainder when 55 is divided by 22?
11
Calculate the remainder when 949 is divided by 112.
53
What is the remainder when 44614 is divided by 44?
42
Calculate the remainder when 489 is divided by 134.
87
Calculate the remainder when 56 is divided by 32.
24
What is the remainder when 10105 is divided by 62?
61
What is the remainder when 952 is divided by 64?
56
What is the remainder when 78 is divided by 16?
14
Calculate the remainder when 2834 is divided by 81.
80
What is the remainder when 3842 is divided by 15?
2
Calculate the remainder when 117 is divided by 8.
5
Calculate the remainder when 11179 is divided by 215.
214
What is the remainder when 461 is divided by 77?
76
What is the remainder when 3882 is divided by 37?
34
What is the remainder when 3340 is divided by 3?
1
What is the remainder when 953 is divided by 188?
13
Calculate the remainder when 16 is divided by 5.
1
What is the remainder when 702 is divided by 44?
42
What is the remainder when 22 is divided by 3?
1
What is the remainder when 265 is divided by 90?
85
Calculate the remainder when 129 is divided by 34.
27
Calculate the remainder when 1552 is divided by 142.
132
Calculate the remainder when 4 is divided by 2.
0
Calculate the remainder when 276 is divided by 142.
134
What is the remainder when 399 is divided by 50?
49
What is the remainder when 1836 is divided by 22?
10
Calculate the remainder when 400 is divided by 6.
4
Calculate the remainder when 448 is divided by 22.
8
Calculate the remainder when 239 is divided by 60.
59
What is the remainder when 1922 is divided by 77?
74
Calculate the remainder when 691 is divided by 77.
75
What is the remainder when 769 is divided by 11?
10
What is the remainder when 156 is divided by 26?
0
Calculate the remainder when 4308 is divided by 9.
6
What is the remainder when 1123 is divided by 62?
7
What is the remainder when 37407 is divided by 16?
15
Calculate the remainder when 2172 is divided by 723.
3
Calculate the remainder when 1740 is divided by 33.
24
What is the remainder when 1234 is divided by 614?
6
What is the remainder when 688 is divided by 51?
25
What is the remainder when 151 is divided by 83?
68
What is the remainder when 31502 is divided by 88?
86
What is the remainder when 457 is divided by 23?
20
Calculate the remainder when 403 is divided by 103.
94
Calculate the remainder when 496 is divided by 19.
2
Calculate the remainder when 167 is divided by 84.
83
What is the remainder when 188 is divided by 33?
23
What is the remainder when 391 is divided by 7?
6
What is the remainder when 74 is divided by 25?
24
What is the remainder when 99 is divided by 18?
9
What is the remainder when 7307 is divided by 28?
27
Calculate the remainder when 1487 is divided by 24.
23
What is the remainder when 83 is divided by 21?
20
Calculate the remainder when 478 is di